{"id":1447,"date":"2021-08-29T04:53:49","date_gmt":"2021-08-29T04:53:49","guid":{"rendered":"https:\/\/smartdata.tonytemplates.com\/cleaning-service-v3\/demo1\/?page_id=1447"},"modified":"2022-06-22T17:58:40","modified_gmt":"2022-06-22T17:58:40","slug":"services","status":"publish","type":"page","link":"https:\/\/www.mkthrif.is\/index.php\/services\/","title":{"rendered":"\u00dej\u00f3nusta"},"content":{"rendered":"\t\t<div data-elementor-type=\"wp-page\" data-elementor-id=\"1447\" class=\"elementor elementor-1447\">\n\t\t\t\t\t\t\t\t\t<section class=\"elementor-section elementor-top-section elementor-element elementor-element-e7ce0ea elementor-section-full_width elementor-section-height-default elementor-section-height-default\" data-id=\"e7ce0ea\" data-element_type=\"section\">\n\t\t\t\t\t\t<div class=\"elementor-container elementor-column-gap-no\">\n\t\t\t\t\t<div class=\"elementor-column elementor-col-100 elementor-top-column elementor-element elementor-element-1ceb098a\" data-id=\"1ceb098a\" data-element_type=\"column\">\n\t\t\t<div class=\"elementor-widget-wrap elementor-element-populated\">\n\t\t\t\t\t\t\t\t<div class=\"elementor-element elementor-element-6929769e elementor-widget elementor-widget-cleaning_service_banner\" data-id=\"6929769e\" data-element_type=\"widget\" data-widget_type=\"cleaning_service_banner.default\">\n\t\t\t\t<div class=\"elementor-widget-container\">\n\t\t\t \n    <div class=\"block\">\n        <div class=\"container\">\n            \t\t\t\t<h2 class=\"text-center h-lg h-decor\">\n\t\t\t\t\tAf hverju velja MK \u00ferif ehf. ?\t\t\t\t<\/h2>\n\t\t\t            <div class=\"text-center max-800\">\n                <p class=\"p-lg\">H\u00faseigendurnir sem vi\u00f0 \u00fej\u00f3num treysta \u00e1 okkur fyrir n\u00e1kv\u00e6ma, st\u00f6\u00f0uga \u00ferif\u00fej\u00f3nustu, \u00ed hvert einasta skipti sem vi\u00f0 \u00fer\u00edfum heimili \u00feeirra.<\/p>\n            <\/div>\n                        <div class=\"row services-grid services-mobile-carousel\">\n                                        <div class=\"col-xs-6 col-sm-6 col-md-4 service-box\">\n                                                            <a href=\"https:\/\/www.mkthrif.is\/index.php\/cleaning_services\/residential-cleaning-4\/\"   class=\"service-box-img\">\n                                                                <img loading=\"lazy\" decoding=\"async\" width=\"240\" height=\"240\" src=\"https:\/\/www.mkthrif.is\/wp-content\/uploads\/2021\/08\/service-img-1.jpg\" class=\"attachment-full size-full\" alt=\"\" srcset=\"https:\/\/www.mkthrif.is\/wp-content\/uploads\/2021\/08\/service-img-1.jpg 240w, https:\/\/www.mkthrif.is\/wp-content\/uploads\/2021\/08\/service-img-1-150x150.jpg 150w\" sizes=\"auto, (max-width: 240px) 100vw, 240px\" \/>                                <\/a>\n                                                        <h3 class=\"service-box-title\">Heimilis\u00ferif<\/h3>\n                            <div class=\"service-box-text\">L\u00e1ttu okkur sj\u00e1 um \u00ferifin og m\u00e1li\u00f0 er leyst!<\/div>\n                                                            <a href=\"https:\/\/www.mkthrif.is\/index.php\/cleaning_services\/residential-cleaning-4\/\"   class=\"service-box-link\">\n                                    Lesa meira                                <\/a>\n                                                    <\/div>\n                                            <div class=\"col-xs-6 col-sm-6 col-md-4 service-box\">\n                                                            <a href=\"https:\/\/www.mkthrif.is\/index.php\/cleaning_services\/flutningsthrif\/\"   class=\"service-box-img\">\n                                                                <img loading=\"lazy\" decoding=\"async\" width=\"240\" height=\"240\" src=\"https:\/\/www.mkthrif.is\/wp-content\/uploads\/2021\/08\/service-img-3.jpg\" class=\"attachment-full size-full\" alt=\"\" srcset=\"https:\/\/www.mkthrif.is\/wp-content\/uploads\/2021\/08\/service-img-3.jpg 240w, https:\/\/www.mkthrif.is\/wp-content\/uploads\/2021\/08\/service-img-3-150x150.jpg 150w\" sizes=\"auto, (max-width: 240px) 100vw, 240px\" \/>                                <\/a>\n                                                        <h3 class=\"service-box-title\">Flutnings\u00ferif<\/h3>\n                            <div class=\"service-box-text\">\u00dea\u00f0 hefur aldrei veri\u00f0 eins einfalt a\u00f0 flytja!<\/div>\n                                                            <a href=\"https:\/\/www.mkthrif.is\/index.php\/cleaning_services\/flutningsthrif\/\"   class=\"service-box-link\">\n                                    Lesa meira                                <\/a>\n                                                    <\/div>\n                                            <div class=\"col-xs-6 col-sm-6 col-md-4 service-box\">\n                                                            <a href=\"https:\/\/www.mkthrif.is\/index.php\/cleaning_services\/idnadarthrif\/\"   class=\"service-box-img\">\n                                                                <img loading=\"lazy\" decoding=\"async\" width=\"240\" height=\"240\" src=\"https:\/\/www.mkthrif.is\/wp-content\/uploads\/2021\/08\/service-img-5.jpg\" class=\"attachment-full size-full\" alt=\"\" srcset=\"https:\/\/www.mkthrif.is\/wp-content\/uploads\/2021\/08\/service-img-5.jpg 240w, https:\/\/www.mkthrif.is\/wp-content\/uploads\/2021\/08\/service-img-5-150x150.jpg 150w\" sizes=\"auto, (max-width: 240px) 100vw, 240px\" \/>                                <\/a>\n                                                        <h3 class=\"service-box-title\">I\u00f0na\u00f0ar\u00ferif<\/h3>\n                            <div class=\"service-box-text\"> Ekki gera ekki neitt, \u00fea\u00f0 kostar ekkert a\u00f0 f\u00e1 tilbo\u00f0.<\/div>\n                                                            <a href=\"https:\/\/www.mkthrif.is\/index.php\/cleaning_services\/idnadarthrif\/\"   class=\"service-box-link\">\n                                    Lesa Meira                                <\/a>\n                                                    <\/div>\n                                            <div class=\"col-xs-6 col-sm-6 col-md-4 service-box\">\n                                                            <a href=\"https:\/\/www.mkthrif.is\/index.php\/cleaning_services\/sameignathrif\/\"   class=\"service-box-img\">\n                                                                <img loading=\"lazy\" decoding=\"async\" width=\"240\" height=\"240\" src=\"https:\/\/www.mkthrif.is\/wp-content\/uploads\/2021\/08\/service-img-8.jpg\" class=\"attachment-full size-full\" alt=\"\" srcset=\"https:\/\/www.mkthrif.is\/wp-content\/uploads\/2021\/08\/service-img-8.jpg 240w, https:\/\/www.mkthrif.is\/wp-content\/uploads\/2021\/08\/service-img-8-150x150.jpg 150w\" sizes=\"auto, (max-width: 240px) 100vw, 240px\" \/>                                <\/a>\n                                                        <h3 class=\"service-box-title\">Sameigna\u00ferif<\/h3>\n                            <div class=\"service-box-text\">Ekkert stress vi\u00f0 sj\u00e1um um \u00ferifin!<\/div>\n                                                            <a href=\"https:\/\/www.mkthrif.is\/index.php\/cleaning_services\/sameignathrif\/\"   class=\"service-box-link\">\n                                    Lesa Meira                                <\/a>\n                                                    <\/div>\n                                            <div class=\"col-xs-6 col-sm-6 col-md-4 service-box\">\n                                                            <a href=\"https:\/\/www.mkthrif.is\/index.php\/cleaning_services\/skrifstofuthrif\/\"   class=\"service-box-img\">\n                                                                <img loading=\"lazy\" decoding=\"async\" width=\"240\" height=\"240\" src=\"https:\/\/www.mkthrif.is\/wp-content\/uploads\/2021\/08\/service-img-9.jpg\" class=\"attachment-full size-full\" alt=\"\" srcset=\"https:\/\/www.mkthrif.is\/wp-content\/uploads\/2021\/08\/service-img-9.jpg 240w, https:\/\/www.mkthrif.is\/wp-content\/uploads\/2021\/08\/service-img-9-150x150.jpg 150w\" sizes=\"auto, (max-width: 240px) 100vw, 240px\" \/>                                <\/a>\n                                                        <h3 class=\"service-box-title\">Skrifstofu\u00ferif<\/h3>\n                            <div class=\"service-box-text\">Ekki gera ekki neitt, \u00fea\u00f0 kostar ekkert a\u00f0 f\u00e1 tilbo\u00f0.<\/div>\n                                                            <a href=\"https:\/\/www.mkthrif.is\/index.php\/cleaning_services\/skrifstofuthrif\/\"   class=\"service-box-link\">\n                                    Lesa  Meira                                <\/a>\n                                                    <\/div>\n                                            <div class=\"col-xs-6 col-sm-6 col-md-4 service-box\">\n                                                            <a href=\"https:\/\/www.mkthrif.is\/index.php\/cleaning_services\/airbnb-thrif\/\"   class=\"service-box-img\">\n                                                                <img loading=\"lazy\" decoding=\"async\" width=\"369\" height=\"369\" src=\"https:\/\/www.mkthrif.is\/wp-content\/uploads\/2022\/01\/gallery-img-05-big-369x369-1.jpg\" class=\"attachment-full size-full\" alt=\"\" srcset=\"https:\/\/www.mkthrif.is\/wp-content\/uploads\/2022\/01\/gallery-img-05-big-369x369-1.jpg 369w, https:\/\/www.mkthrif.is\/wp-content\/uploads\/2022\/01\/gallery-img-05-big-369x369-1-300x300.jpg 300w, https:\/\/www.mkthrif.is\/wp-content\/uploads\/2022\/01\/gallery-img-05-big-369x369-1-150x150.jpg 150w, https:\/\/www.mkthrif.is\/wp-content\/uploads\/2022\/01\/gallery-img-05-big-369x369-1-309x309.jpg 309w\" sizes=\"auto, (max-width: 369px) 100vw, 369px\" \/>                                <\/a>\n                                                        <h3 class=\"service-box-title\">Airbnb \u00ferif<\/h3>\n                            <div class=\"service-box-text\">Vi\u00f0 sj\u00e1um um eignina og \u00fe\u00fa kemst \u00ed fr\u00ed!<\/div>\n                                                            <a href=\"https:\/\/www.mkthrif.is\/index.php\/cleaning_services\/airbnb-thrif\/\"   class=\"service-box-link\">\n                                    Lesa Meira                                <\/a>\n                                                    <\/div>\n                                <\/div>\n        <\/div>\n    <\/div>\n\t\t<\/div>\n\t\t\t\t<\/div>\n\t\t\t\t\t<\/div>\n\t\t<\/div>\n\t\t\t\t\t\t\t<\/div>\n\t\t<\/section>\n\t\t\t\t\t\t\t<\/div>\n\t\t","protected":false},"excerpt":{"rendered":"<p>Af hverju velja MK \u00ferif ehf. ? H\u00faseigendurnir sem vi\u00f0 \u00fej\u00f3num treysta \u00e1 okkur fyrir n\u00e1kv\u00e6ma, st\u00f6\u00f0uga \u00ferif\u00fej\u00f3nustu, \u00ed hvert einasta skipti sem vi\u00f0 \u00fer\u00edfum heimili \u00feeirra. Heimilis\u00ferif L\u00e1ttu okkur sj\u00e1 um \u00ferifin og m\u00e1li\u00f0 er leyst! Lesa meira Flutnings\u00ferif \u00dea\u00f0 hefur aldrei veri\u00f0 eins einfalt a\u00f0 flytja! Lesa meira I\u00f0na\u00f0ar\u00ferif Ekki gera ekki neitt, [&hellip;]<\/p>\n","protected":false},"author":1,"featured_media":0,"parent":0,"menu_order":0,"comment_status":"closed","ping_status":"closed","template":"elementor_header_footer","meta":{"footnotes":""},"class_list":["post-1447","page","type-page","status-publish","hentry"],"yoast_head":"<!-- This site is optimized with the Yoast SEO plugin v20.7 - https:\/\/yoast.com\/wordpress\/plugins\/seo\/ -->\n<title>\u00dej\u00f3nusta - mkthrif.is<\/title>\n<meta name=\"description\" content=\"Af hverju velja MK \u00ferif ehf. ?H\u00faseigendurnir sem vi\u00f0 \u00fej\u00f3num treysta \u00e1 okkur fyrir n\u00e1kv\u00e6ma, st\u00f6\u00f0uga \u00ferif\u00fej\u00f3nustu, \u00ed hvert einasta skipti sem vi\u00f0 \u00fer\u00edfum heimili \u00feeirra.\" \/>\n<meta name=\"robots\" content=\"index, follow, max-snippet:-1, max-image-preview:large, max-video-preview:-1\" \/>\n<link rel=\"canonical\" href=\"https:\/\/www.mkthrif.is\/index.php\/services\/\" \/>\n<meta property=\"og:locale\" content=\"en_US\" \/>\n<meta property=\"og:type\" content=\"article\" \/>\n<meta property=\"og:title\" content=\"\u00dej\u00f3nusta - mkthrif.is\" \/>\n<meta property=\"og:description\" content=\"Af hverju velja MK \u00ferif ehf. ?H\u00faseigendurnir sem vi\u00f0 \u00fej\u00f3num treysta \u00e1 okkur fyrir n\u00e1kv\u00e6ma, st\u00f6\u00f0uga \u00ferif\u00fej\u00f3nustu, \u00ed hvert einasta skipti sem vi\u00f0 \u00fer\u00edfum heimili \u00feeirra.\" \/>\n<meta property=\"og:url\" content=\"https:\/\/www.mkthrif.is\/index.php\/services\/\" \/>\n<meta property=\"og:site_name\" content=\"mkthrif.is\" \/>\n<meta property=\"article:modified_time\" content=\"2022-06-22T17:58:40+00:00\" \/>\n<meta property=\"og:image\" content=\"https:\/\/www.mkthrif.is\/wp-content\/uploads\/2021\/08\/service-img-1.jpg\" \/>\n<meta name=\"twitter:card\" content=\"summary_large_image\" \/>\n<meta name=\"twitter:label1\" content=\"Est. reading time\" \/>\n\t<meta name=\"twitter:data1\" content=\"2 minutes\" \/>\n<script type=\"application\/ld+json\" class=\"yoast-schema-graph\">{\"@context\":\"https:\/\/schema.org\",\"@graph\":[{\"@type\":\"WebPage\",\"@id\":\"https:\/\/www.mkthrif.is\/index.php\/services\/\",\"url\":\"https:\/\/www.mkthrif.is\/index.php\/services\/\",\"name\":\"\u00dej\u00f3nusta - mkthrif.is\",\"isPartOf\":{\"@id\":\"https:\/\/www.mkthrif.is\/#website\"},\"datePublished\":\"2021-08-29T04:53:49+00:00\",\"dateModified\":\"2022-06-22T17:58:40+00:00\",\"description\":\"Af hverju velja MK \u00ferif ehf. ?H\u00faseigendurnir sem vi\u00f0 \u00fej\u00f3num treysta \u00e1 okkur fyrir n\u00e1kv\u00e6ma, st\u00f6\u00f0uga \u00ferif\u00fej\u00f3nustu, \u00ed hvert einasta skipti sem vi\u00f0 \u00fer\u00edfum heimili \u00feeirra.\",\"breadcrumb\":{\"@id\":\"https:\/\/www.mkthrif.is\/index.php\/services\/#breadcrumb\"},\"inLanguage\":\"en-US\",\"potentialAction\":[{\"@type\":\"ReadAction\",\"target\":[\"https:\/\/www.mkthrif.is\/index.php\/services\/\"]}]},{\"@type\":\"BreadcrumbList\",\"@id\":\"https:\/\/www.mkthrif.is\/index.php\/services\/#breadcrumb\",\"itemListElement\":[{\"@type\":\"ListItem\",\"position\":1,\"name\":\"Home\",\"item\":\"https:\/\/www.mkthrif.is\/\"},{\"@type\":\"ListItem\",\"position\":2,\"name\":\"\u00dej\u00f3nusta\"}]},{\"@type\":\"WebSite\",\"@id\":\"https:\/\/www.mkthrif.is\/#website\",\"url\":\"https:\/\/www.mkthrif.is\/\",\"name\":\"mkthrif.is\",\"description\":\"r\u00e6astingar fyrirt\u00e6ki\",\"potentialAction\":[{\"@type\":\"SearchAction\",\"target\":{\"@type\":\"EntryPoint\",\"urlTemplate\":\"https:\/\/www.mkthrif.is\/?s={search_term_string}\"},\"query-input\":\"required name=search_term_string\"}],\"inLanguage\":\"en-US\"}]}<\/script>\n<!-- \/ Yoast SEO plugin. -->","yoast_head_json":{"title":"\u00dej\u00f3nusta - mkthrif.is","description":"Af hverju velja MK \u00ferif ehf. ?H\u00faseigendurnir sem vi\u00f0 \u00fej\u00f3num treysta \u00e1 okkur fyrir n\u00e1kv\u00e6ma, st\u00f6\u00f0uga \u00ferif\u00fej\u00f3nustu, \u00ed hvert einasta skipti sem vi\u00f0 \u00fer\u00edfum heimili \u00feeirra.","robots":{"index":"index","follow":"follow","max-snippet":"max-snippet:-1","max-image-preview":"max-image-preview:large","max-video-preview":"max-video-preview:-1"},"canonical":"https:\/\/www.mkthrif.is\/index.php\/services\/","og_locale":"en_US","og_type":"article","og_title":"\u00dej\u00f3nusta - mkthrif.is","og_description":"Af hverju velja MK \u00ferif ehf. ?H\u00faseigendurnir sem vi\u00f0 \u00fej\u00f3num treysta \u00e1 okkur fyrir n\u00e1kv\u00e6ma, st\u00f6\u00f0uga \u00ferif\u00fej\u00f3nustu, \u00ed hvert einasta skipti sem vi\u00f0 \u00fer\u00edfum heimili \u00feeirra.","og_url":"https:\/\/www.mkthrif.is\/index.php\/services\/","og_site_name":"mkthrif.is","article_modified_time":"2022-06-22T17:58:40+00:00","og_image":[{"url":"https:\/\/www.mkthrif.is\/wp-content\/uploads\/2021\/08\/service-img-1.jpg"}],"twitter_card":"summary_large_image","twitter_misc":{"Est. reading time":"2 minutes"},"schema":{"@context":"https:\/\/schema.org","@graph":[{"@type":"WebPage","@id":"https:\/\/www.mkthrif.is\/index.php\/services\/","url":"https:\/\/www.mkthrif.is\/index.php\/services\/","name":"\u00dej\u00f3nusta - mkthrif.is","isPartOf":{"@id":"https:\/\/www.mkthrif.is\/#website"},"datePublished":"2021-08-29T04:53:49+00:00","dateModified":"2022-06-22T17:58:40+00:00","description":"Af hverju velja MK \u00ferif ehf. ?H\u00faseigendurnir sem vi\u00f0 \u00fej\u00f3num treysta \u00e1 okkur fyrir n\u00e1kv\u00e6ma, st\u00f6\u00f0uga \u00ferif\u00fej\u00f3nustu, \u00ed hvert einasta skipti sem vi\u00f0 \u00fer\u00edfum heimili \u00feeirra.","breadcrumb":{"@id":"https:\/\/www.mkthrif.is\/index.php\/services\/#breadcrumb"},"inLanguage":"en-US","potentialAction":[{"@type":"ReadAction","target":["https:\/\/www.mkthrif.is\/index.php\/services\/"]}]},{"@type":"BreadcrumbList","@id":"https:\/\/www.mkthrif.is\/index.php\/services\/#breadcrumb","itemListElement":[{"@type":"ListItem","position":1,"name":"Home","item":"https:\/\/www.mkthrif.is\/"},{"@type":"ListItem","position":2,"name":"\u00dej\u00f3nusta"}]},{"@type":"WebSite","@id":"https:\/\/www.mkthrif.is\/#website","url":"https:\/\/www.mkthrif.is\/","name":"mkthrif.is","description":"r\u00e6astingar fyrirt\u00e6ki","potentialAction":[{"@type":"SearchAction","target":{"@type":"EntryPoint","urlTemplate":"https:\/\/www.mkthrif.is\/?s={search_term_string}"},"query-input":"required name=search_term_string"}],"inLanguage":"en-US"}]}},"_links":{"self":[{"href":"https:\/\/www.mkthrif.is\/index.php\/wp-json\/wp\/v2\/pages\/1447","targetHints":{"allow":["GET"]}}],"collection":[{"href":"https:\/\/www.mkthrif.is\/index.php\/wp-json\/wp\/v2\/pages"}],"about":[{"href":"https:\/\/www.mkthrif.is\/index.php\/wp-json\/wp\/v2\/types\/page"}],"author":[{"embeddable":true,"href":"https:\/\/www.mkthrif.is\/index.php\/wp-json\/wp\/v2\/users\/1"}],"replies":[{"embeddable":true,"href":"https:\/\/www.mkthrif.is\/index.php\/wp-json\/wp\/v2\/comments?post=1447"}],"version-history":[{"count":50,"href":"https:\/\/www.mkthrif.is\/index.php\/wp-json\/wp\/v2\/pages\/1447\/revisions"}],"predecessor-version":[{"id":2016,"href":"https:\/\/www.mkthrif.is\/index.php\/wp-json\/wp\/v2\/pages\/1447\/revisions\/2016"}],"wp:attachment":[{"href":"https:\/\/www.mkthrif.is\/index.php\/wp-json\/wp\/v2\/media?parent=1447"}],"curies":[{"name":"wp","href":"https:\/\/api.w.org\/{rel}","templated":true}]}}